 17
Let v(g) = 216*g**2 - 643*g + 3. List the prime factors of v(-11).
2, 19, 23
Let w be ((-784)/(-20))/14*5/2. What are the prime factors of 4*(w + -8) + 1074?
2, 5, 107
List the prime factors of (-79946)/(-7) - ((-150)/70 - -2).
3, 47
What are the prime factors of (-53)/(-1166)*1353*398/3?
41, 199
Let l(b) = b**2 - 15*b + 13. Let q be l(14). Let t be q/(8/12 - (-70)/(-96)). What are the prime factors of (171/12)/(4/t)?
3, 19
Suppose 66*u = -75*u + 117*u + 226272. What are the prime factors of u?
2, 2357
Let n = 13991 + 6227. What are the prime factors of n?
2, 11, 919
Let c(o) = 7246*o**3 + 6*o**2 + 120*o - 237. List the prime factors of c(2).
5, 7, 1657
Suppose 3*o - g = 248, -o + 100 = -0*o + 4*g. Suppose o = t - 4*y, 5*t - 2*y + 5*y - 489 = 0. Suppose -4*b + 3*b + t = 0. List the prime factors of b.
2, 3
Suppose -5*s = 2*l - 37365, -2*s + l + 13937 = -1018. What are the prime factors of s?
5, 13, 23
Suppose 0 = -43*v - 586 + 4757. Suppose -3*m - v = -2*x + 2*m, -5*m = -4*x + 209. List the prime factors of x.
2, 7
Let y(o) = 2*o**3 - 2*o**2 - 4*o + 14. Suppose -5*i + 20 = 4*t, 3*t - t = -5*i + 20. Let b be y(i). Let x = 215 - b. What are the prime factors of x?
11
Suppose d - 4*d + 21 = 0. Let k(r) = -4*r**3 - 3*r**2 - r + 2. Let s be k(-2). List the prime factors of -1 - d*(0 - s).
167
Let w(r) = 3*r**2 - 30*r + 5002. List the prime factors of w(76).
2, 5, 401
Suppose -3*h + 34*g - 33*g = -117496, 0 = 4*h + g - 156673. What are the prime factors of h?
53, 739
Let h = -71 + 76. Let x be (-2)/(-5)*(h + 5). What are the prime factors of ((-468)/(-10))/((-8)/(-80)*x)?
3, 13
Let g = 152 + -167. What are the prime factors of (-1)/(-5) - ((-40266)/g)/(-3)?
5, 179
Suppose 3*x - 11884 = 5*b, 167*x - 168*x - b = -3956. List the prime factors of x.
2, 1979
Let y = -9693 + 48514. List the prime factors of y.
38821
Let a = 86 - 82. Suppose -5*i + a*s = -4310, -5*i - 2*s = -6109 + 1799. What are the prime factors of i?
2, 431
Let v(j) = -3*j**3 + 4*j**2 + 5*j + 3. Let f be v(-2). Let k(g) = -61 + 34 + 9*g**2 + 8*g - 3*g + f. What are the prime factors of k(-4)?
2, 5, 13
Let m(i) = -5*i + 14 - 44*i**2 - 4 + 51*i**2. What are the prime factors of m(5)?
2, 5
Let i(r) = -2*r**2 + 51*r + 92. Let d be i(30). Let c = d + 253. List the prime factors of c.
3, 5
Suppose 0 = -5*b - 2*k + 182 + 99, 3*b = k + 162. Suppose -4*c - b = 257. Let p = c - -180. List the prime factors of p.
2, 3, 17
What are the prime factors of ((-308971)/(-65) + 13)*(-30)/(-9)?
2, 3, 331
Let h(r) = 87*r - 224. What are the prime factors of h(77)?
5, 7, 37
Let l(k) = 7*k**2 - 18*k - 33. Let n be l(-3). List the prime factors of (532/n)/((-555)/279 - -2).
19, 31
Suppose 68*v - 2447666 = 6*v - 32*v. What are the prime factors of v?
13, 2003
Let z(r) = 2*r**2 - 21*r - 36. Let w be z(-15). Let m = w + -129. What are the prime factors of m?
2, 3, 5
Let q(a) = 14*a - 38. Let o = 70 - 60. What are the prime factors of q(o)?
2, 3, 17
Suppose 12*k + 4 + 20 = 0. What are the prime factors of ((-14)/k)/((-16)/(-3664))?
7, 229
Let t = 38 + -98. Let u = 192 + t. Suppose -3*k - 2*v + 518 = k, k = -v + u. What are the prime factors of k?
127
Suppose -10*k + 1266117 = 149*k. What are the prime factors of k?
7963
Let s = 2397 - 916. Let m = s + -955. What are the prime factors of m?
2, 263
Let j(u) = -u**3 - 24*u**2 - 40*u - 2. Let i be j(-16). What are the prime factors of 2*(i/(-12) + -5)?
3, 5
Let r be -5 - (9 - (-7 - -697)). What are the prime factors of (-845)/r - ((-11290)/(-8))/(-1)?
2, 3, 5, 47
Suppose 2 = 2*z, 5*z + 73 = -5*x + 3*z. List the prime factors of ((-257)/(-6))/(5/x)*-4.
2, 257
Suppose 5363*i - 170008 = 5355*i. What are the prime factors of i?
79, 269
Let r(s) = -s**3 + 62*s**2 + 190*s + 132. What are the prime factors of r(64)?
2, 5, 41
Let v(b) = 7*b + 112. Let s be v(-15). List the prime factors of s*16/(-6)*(-33)/2.
2, 7, 11
Let p = -41 + 100. Let k(z) = -63 - p + 90 - z**2 - 17*z. What are the prime factors of k(-12)?
2, 7
Let p(j) = 3*j**2 + 16*j + 20. Let i be p(-3). Let d(h) = -1109*h**3 - 12*h - 12. List the prime factors of d(i).
1109
Suppose -31*l - 9*l + 30*l = -577330. What are the prime factors of l?
13, 4441
Let m(s) = -3*s**3 - s**2 + s + 1. Let p be m(-1). Suppose p*g = -2*g. Suppose y - 10 - 7 = g. What are the prime factors of y?
17
Let z(m) = 588*m**2 + 123*m - 360. List the prime factors of z(3).
3, 19, 31
Let n = 27368 + -11578. What are the prime factors of n?
2, 5, 1579
Let k be (-20)/(-25)*5 + -4. Suppose -s + k*s = -313. What are the prime factors of s?
313
Let u(q) = -q**2 + q + 55. Let x be u(0). Let o be (-1)/((-13)/(-26)) - -80. Let s = x + o. What are the prime factors of s?
7, 19
List the prime factors of (-6)/27*-3*54558/28.
3, 433
Suppose 149*l - 681860 - 291928 = 553909. What are the prime factors of l?
10253
Let j be (4/(-6))/((-2)/12). Suppose j*x = -4*t + 196, 0*x - 240 = -5*x - 4*t. What are the prime factors of x?
2, 11
Let m(t) = t**2 + 330*t - 467. What are the prime factors of m(65)?
2, 23, 137
Suppose 1353*k + 1343580 = 1395*k. List the prime factors of k.
2, 5, 7, 457
What are the prime factors of (424/(-155) - (-26)/(-403))/((-2)/11410)?
2, 7, 163
Let b = 8240 - -763. What are the prime factors of b?
3, 3001
Let p(u) = -7913*u - 4010. List the prime factors of p(-10).
2, 3, 5, 313
Let x = -9153 - -26850. List the prime factors of x.
3, 17, 347
Let m(i) = 15*i - 92. Let f be m(9). Suppose -45*g + f*g = -262. List the prime factors of g.
131
Suppose 4*q = -17 + 13. List the prime factors of 5*107 - (q - -1).
5, 107
Let z(b) = -16*b**3 - 31*b**2 - 246*b + 62. What are the prime factors of z(-12)?
2, 13099
Suppose 2*t + m = 2, -4*m - 24 = -2*t - 2. Suppose -3*f + 654 = 3*n, 10*f - 15*f - t*n + 1090 = 0. List the prime factors of f.
2, 109
Suppose -4*f = -9*c + 4*c + 3, 5*c = 3*f + 1. Let m be 6/4 + c/6*-15. Suppose -2*l + 510 = 4*b, -m*l + 0*l = -b + 123. What are the prime factors of b?
127
Let m(y) be the third derivative of y**5/60 + y**4/6 - 23*y**3/3 - 21*y**2 + 2. List the prime factors of m(19).
17, 23
Let v be (-216)/56 - 1*1/7. Let p be (-6)/v*(-5 - -3) - -462. Suppose 4*y = p + 73. List the prime factors of y.
7, 19
Let i be (1/(4/898))/(4/8). Let w = i + -253. Suppose -3*y + 10*b - 5*b = -191, 3*y - 4*b - w = 0. List the prime factors of y.
2, 3
Suppose -3*n - k + 21 = 82, -11 = n - 2*k. Let u(a) = -44*a - 123. List the prime factors of u(n).
23, 31
Let g be 8 - 8 - (0 + -1350). Suppose 3*s = 6*s - g. Suppose s = -2*i + 5*i + u, -2*i - 2*u = -296. What are the prime factors of i?
151
Let j = -30 + -80. Let x = j + 598. List the prime factors of x.
2, 61
Let j(h) = h**2 - 2*h + 11. Let k(l) = 19*l + 8. Let v be k(2). Let t = v + -38. List the prime factors of j(t).
59
Suppose 20*n = y + 15*n - 3904, -2*n = 12. What are the prime factors of y?
2, 13, 149
Suppose 0 = a + 1, 67964 = 77*q - 74*q - 2*a. What are the prime factors of q?
2, 47, 241
Suppose 0 = 94*a - 91*a - 7512. What are the prime factors of a?
2, 313
Let d = 4329 + -2429. List the prime factors of d.
2, 5, 19
Let s = -348 + 188. What are the prime factors of (s/(-12) - -6) + (-2)/(-3)?
2, 5
Suppose 1307 = 13*m - 487. Suppose -3*p = p + 408. Let q = m + p. What are the prime factors of q?
2, 3
Let o(s) be the third derivative of 11*s**4/24 - 49*s**3/6 - 36*s**2. List the prime factors of o(23).
2, 3, 17
Let i be 0 - 2 - 0 - 4/(-1). Let v be (0 - 5) + (5 - i). What are the prime factors of (-3 - -6)*(-22)/v?
3, 11
Let s(k) = -11*k**2 - 4*k**3 - k**3 + 6*k**2 - 10 - 10*k + 6*k**2. List the prime factors of s(-6).
2, 11, 53
Let s be 848/(-48)*(-1 + 13). Let m = 507 + s. Suppose l - 6*l + m = 0. What are the prime factors of l?
59
Let u(j) = 52*j**2 - 2*j - 4. Let h be (4/(-5))/(12/30). What are the prime factors of u(h)?
2, 13
Suppose 0 = -82*j + 86*j + 200. Let b(w) = -14*w - 4. Let q be b(-5). Let u = q - j. What are the prime factors of u?
2, 29
Let m be (-4*(-3)/(-18))/((-8)/(-1236)). Let w = -99 - m. Suppose -5*a = 3*i - 999, 0*a + w*a - 807 = -5*i. What are the prime factors of a?
2, 3, 11
Suppose -3*t = -5*t - 168. Suppose 117 + 702 = 13*h. What are the prime factors of (t/h)/((-4)/174)?
2, 29
Let s = 13098 - -615. What are the prime factors of s?
3, 7, 653
Let b